late 3 + (-3 - -1) - (-30 - -17) - -11.
25
Evaluate -1 - (4 + (-7 - (9 + -5) - -4)).
2
Evaluate -11 + 16 + 12 - 33.
-16
-12 + 28 + 15 + -56
-25
What is the value of (-1 - 43) + (-73 - -35) + 43?
-39
What is -12 + 2 - (-109 - -93) - (0 + 8)?
-2
What is the value of (153 - 137) + (1 + -3 - 2)?
12
Calculate (14 - 4 - 0) + -7.
3
What is 12 + 26 + -43 + 5?
0
What is the value of 1 + -6 + (-13 - 4 - -36)?
14
Evaluate -9 - (16 + 1 + -19).
-7
What is the value of (0 - 4 - 5) + 1?
-8
7 - (51 - 66 - (-8 - (1 - 1)))
14
Calculate -2 - 1 - (-44 + 53 + -9 + 0).
-3
Calculate -7 + -1 + 8 + 5 + -8 + -8.
-11
Evaluate 35 - 53 - (4 + -4 + -7).
-11
What is the value of -14 + (-3 - -6) - (-8 - -5 - -6)?
-14
What is the value of -10 + (-3 - (2 + -9)) + 12?
6
What is 5 + 0 + 29 + -21?
13
Evaluate 13 - (-1 - -2 - (-76 + 89)).
25
-33 + 7 + -4 - (15 + -28 - -5)
-22
Calculate -8 + (11 - 10) - (-16 - (-1 - 1)).
7
2 - (6 - 25) - ((-9 - -5) + 5)
20
What is 11 + (-26 - -24) - (2 + 2)?
5
2 - (0 + (-20 + 10 - 2)) - 7
7
-5 + 29 + -10 - (5 - -1)
8
What is 34 + (-28 - -5 - -8) - (-4 - -1)?
22
What is (0 - 8 - (24 + -42 + 27)) + -7?
-24
Calculate (-29 - -23) + (1 - -2).
-3
What is 10 + (12 - -5 - 22) - -9?
14
0 + (-2 - -1) - (-8 + (-15 - -21))
1
What is -29 - (6 + (9 - 29))?
-15
Evaluate -12 - (-26 + -3 + 8).
9
Calculate 9 + 6 - (-12 - -30).
-3
What is -1 - -6 - (24 + -49 - -38)?
-8
What is -5 + (0 + -1 - (-7 + -1)) - -7?
9
-11 + 14 - -7 - 2
8
Calculate 24 - (-46 - (32 - 105)).
-3
What is the value of (-27 - -20) + 12 + -22?
-17
Calculate -2 + -1 + (-67 - -69) + 6.
5
Calculate -26 - (-5 + 4 - 5).
-20
What is the value of 9 + -15 + -8 + 7?
-7
-1 - (4 + -6 + -5 - -7)
-1
Evaluate -24 - (-37 + (32 - 27)).
8
What is the value of (-6 - 1) + 8 + (-19 - -22)?
4
Calculate -2 + (-29 - -33) + -3 + 1 - 1.
-1
(-19 - -11) + -1 - (7 + 1)
-17
What is -12 + 7 + 1 + -1 + -1 + 10?
4
Evaluate (15 - 4) + -10 + 10.
11
Evaluate -1 - -7 - (6 + -6 - 0) - -2.
8
What is the value of -22 + -2 + 21 - (1 + -7)?
3
Calculate (-2 - 28) + (-45 - (-46 - 9)).
-20
Calculate 8 + (-6 + 0 - (-13 + 0)).
15
9 + -11 + (-1 - (-3 - -1)) + -6
-7
Evaluate 3 + 5 + 3 + 9.
20
-12 + -1 + (-4 + 2 - -11)
-4
Calculate 12 - (15 + -7 - 6).
10
Calculate (-17 - (-21 - -11)) + 4.
-3
What is the value of (2 - 2) + 15 + -20 + -30 + 26?
-9
Evaluate (-27 - -35) + (1 - 8 - 7).
-6
129 + -116 + (4 + -2 + -2 - 7)
6
3 - 13 - (4 + (-8 - -10) - 10)
-6
What is the value of -7 + (-38 - 1 - (-186 + 178))?
-38
Evaluate (2 - -1) + 3 - (9 + 0 + -3).
0
Evaluate 10 + -6 - 7 - (-11 - (6 - 3)).
11
Calculate -3 - ((4 - -9) + -2) - -6.
-8
Calculate -133 + 110 + (40 - -3).
20
-3 + (-14 - -5) + 3
-9
14 - 1 - (1035 + -1036)
14
What is the value of 8 + (12 + -8 - (-8 - -2)) + -47?
-29
What is the value of 9 + (-2 - (-11 + 7) - -3) + 0?
14
Calculate (6 - (5 + 6) - -1) + (-3 - 3).
-10
Evaluate (-72 - -28) + (95 - 49).
2
Evaluate 18 + (7 + -4 - -1 - 2 - 9).
11
Evaluate -1 + 7 - (-63 - -56 - (2 - 11)).
4
Calculate 10 - (0 - (-2 - (5 - 9))).
12
What is 13 - (5 + -12 + 6) - 36?
-22
Evaluate 3 - -49 - 22 - 54.
-24
Evaluate (-22 - -29 - -15) + -21.
1
Calculate -12 - (-119 + 107 - (0 + 9)).
9
(-10 - -5) + (-8 - 3) + (5 - 6)
-17
What is the value of -260 + 251 + (16 - -1)?
8
What is -8 + -2 - 3 - 9 - -4?
-18
-21 + 1 + -1 + -38 + 44
-15
What is the value of (-35 + 15 - -33) + -1 + -4?
8
(9 + -16 - -3) + -2 + 6 - -9
9
30 + -38 - (2 + -3 - (0 + 5))
-2
What is (28 + -18 - 25) + 27?
12
What is (-5 + (-2 - -2) - (-1 + 0)) + -4?
-8
Calculate 28 + 7 + -14 - 3.
18
What is 0 + -16 - ((-2 - -16) + 4 + -19)?
-15
6 - (-7 + 18) - (-3 - -2)
-4
Evaluate -5 - (2 - (5 + -8) - 0).
-10
Calculate 3 + 2 + -10 + -5 + -3 - -2.
-11
What is the value of -3 - -12 - (-27 - -45)?
-9
-7 + 4 - 10 - (0 - 13)
0
Calculate (44 - 7) + -12 + (-19 - -5).
11
What is 34 + -35 + (-3 - (-6 - -3) - 1)?
-2
What is the value of 4 + -4 + 4 + -13?
-9
What is the value of (24 + (13 - 29) - -4) + -36?
-24
(-3 - (-14 + 17 + -7)) + -3 + -2
-4
Evaluate -7 - (-12 + 6 - -10) - -3.
-8
What is 6 + -25 + -5 + -14 + 25?
-13
What is 12 + 2 - (6 - (-1 - -25 - 15))?
17
Evaluate -17 - -34 - 37 - -12.
-8
What is -17 - -14 - -10 - (-3 + 1)?
9
What is 6 - ((-11 + -7 - -8 - -6) + 5)?
5
What is the value of (12 - -1) + (-33 - -25) - 12?
-7
Evaluate (8 - 17) + -6 + 16.
1
What is 334 + -319 - (0 + -11 - 1)?
27
Evaluate -6 + 6 + 16 + (-4 - 3) - -7.
16
Calculate -5 - (15 - (27 + 1)).
8
Evaluate -44 + 41 - (4 - -7).
-14
What is -54 + 56 + -15 + -2 + 3 + -2?
-14
What is the value of -56 - (-50 + -8 - -20)?
-18
What is (7 + 2 - -5) + -3?
11
Evaluate -3 + 2 + -24 + (56 - 31).
0
Evaluate (-62 - -60) + -4 + 6 + 6 + -2.
4
What is -5 - 2 - 1 - (-93 + 92)?
-7
Calculate -7 + (1 - (27 - 8)).
-25
Evaluate 1 + 14 + (24 - 44).
-5
What is (0 + -15 - 5) + 0 + -11 + 8?
-23
What is the value of 8 - (12 + 8) - -15?
3
What is the value of 26 + 22 - ((-1 - -5) + 10)?
34
(1 - 7) + (-5 - (7 - 8))
-10
Evaluate -7 - (-63 + 55 + (2 - 1)).
0
Calculate -17 + 29 + 2 + 8.
22
What is the value of (2 + (-1 - -5) - -5) + 1 + 1?
13
-31 + (-5 + 35 - -17)
16
Evaluate 8 + -32 + 32 + 13.
21
Calculate -256 - -257 - (-9 + 0 + 0).
10
Calculate -4 + 7 + 4 + (12 + -6 - -1).
14
15 + (-27 - -13) - (2 + 3 + -3)
-1
What is the value of -1 - -20 - (-16 - (-13 + -11))?
11
Evaluate -11 - -1 - (-47 - -12 - -34).
-9
12 - ((-30 - 8) + 67)
-17
What is the value of 14 + (-20 - (-3 + -9)) - 14?
-8
36 + -22 + -1 + -16 + 2
-1
What is 1 + -2 - (-1 + 7 - (-17 - -17))?
-7
Evaluate (32 - (3 - -14)) + 15 + -4.
26
What is the value of 5 - 9 - 18 - -9?
-13
What is -6 + 4 + (-6 + 5 + -2 - 1)?
-6
(24 - 16) + -10 + 13
11
1 + -9 + (-2 - -5) + (7 - -1)
3
What is 13 + (1 - (-12 + -4 + 16))?
14
24 + -28 - ((6 - 48) + 3)
35
Calculate -9 + -2 + (-94 - -110) - (3 - -29).
-27
Evaluate (8 - 11) + 2 + 1 + -2.
-2
Evaluate -1 - 4 - ((15 - 10 - 9) + 4).
-5
Evaluate -6 + 0 + 4 + 4.
2
What is the value of -4 + -3 + 14 + -14?
-7
Calculate (-3 - 1) + (-24 - (-22 + 11)).
-17
What is the value of -10 + -1 + -10 + 24?
3
Evaluate -5 - (2 + -5 + 2 + -5 - 14).
15
What is the value of 15 + (-51 - (15 + -39))?
-12
What is -16 - -18 - (1 + -1) - (-6 + -2)?
10
Calculate (-3891 - -3906) + (1 - 1) + -16.
-1
(-12 + 14 - -18) + 3 + -1
22
(84 + 26 - 100) + -2 + 0 + -5
3
What is 1 + 17 + -13 - (-1 + -1)?
7
(-1 - 3) + 1 + (12 - 8) - 4
-3
Evaluate (391 - 386) + 21 + -1.
25
What is 6 + 0 + -57 + 70 + -4?
15
What is the value of 0 - 7 - -16 - -3?
12
Calculate (-120 - -124) + (-2 - -5).
7
-4 - (20 - (14 + -5))
-15
Evaluate 14 + -31 + 12 + -7 - -13.
1
What is the value of 1 - ((15 - 0) + 2) - (65 - 69)?
-12
Evaluate 278 - 288 - (-5 - 1).
-4
Calculate 6 + -10 + 11 + (-3 - 4).
0
What is the value of (908 - 917) + (-1 - -7)?
-3
Evaluate -8 + (-10 + 10 + 7 - 10).
-11
(-7 - -14) + -11 - -31
27
What is (15 + 3 - 21) + (5 - 2) - 6?
-6
What is 20 + (-32 - -14) + (-3 + 5 - 0)?
4
What is the value of -4 + (1 - -2) + (-18 - -12)?
-7
What is the value of (4 + 18 - (3 - 2)) + 32 + -38?
15
Evaluate -110 - -94 - (0 - 0 - -7).
-23
What is the value of (8 - 18 - -16) + 6 + -9?
3
What is the value of (8 + -7 - -17) + -6?
12
(-21 - (4 - 27)) + 9
11
-14 + 14 + 6 + -14 + -2
-10
Evaluate 0 - 6 - (-54 + 52).
-4
Evaluate (-72 - -89) + -31 + -1.
-15
Evaluate (2 - -34) + -9 + -35 + 34.
26
Evaluate 27 + 34 + -52 - -22.
31
(25 - 10) + -19 + 4 + -4 + -1
-5
What is the value of 919 + -930 + (-7 - -1)?
-17
Calculate (3 - -33) + 66 + -94.
8
15 + -81 + 68 + (1 - -5)
8
Calculate (15 + -14 - 7 - (1 + -1)) + 3.
-3
Evaluate 3 + -35 + 65 - (1 + -2).
34
What is 39 + -31 + -1 + 1?
8
Calculate -20 + (14 - 17) - ((-2 - -1) + -7).
-15
-4 + -6 + 17 + 7
14
-16 - (-51 - (-16 - 9))
10
What is the value of -13 - -17 - (2 + (5 - (-7 + 4)))?
-6
1 - (-62 + 66 + (0 - 13)) - -4
14
Calculate 10 - (8 + -12 - -9 - -6) - 7.
-8
What is the value of (11 + -24 - 0) + 14?
1
What is the value of -8 + 21 - (-7 - -35)?
-15
Calculate 38 - (6 - -6) - 23.
3
Calculate (-27 + 39 - -57) + -45.
24
Calculate 9 - (-2 - (-7 + -1)) - 2.
1
Evaluate -1 - (0 + 1 + 13).
-15
What is -7 - -31 - 26 - (-1 - (9 - 2))?
6
9 - -1 - 6 - (-4 + 0)
8
Calculate 1 + 21 + (205 - 221) - (1 - -14).
-9
What is 11 + -11 - ((7 + -4 - 3) + -15)?
15
What is the value of (-2 - -20) + -10 - 12?
-4
What is (6 - -6 - -2) + -28?
-14
What is the val